{"id":74,"date":"2013-01-08T17:51:43","date_gmt":"2013-01-08T15:51:43","guid":{"rendered":"http:\/\/www.goltasltd.com\/?page_id=74"},"modified":"2013-01-23T09:58:08","modified_gmt":"2013-01-23T07:58:08","slug":"faaliyet-alanlari","status":"publish","type":"page","link":"http:\/\/www.goltasltd.com\/?page_id=74","title":{"rendered":"Faaliyet Alanlar\u0131"},"content":{"rendered":"<ul>\n<li>K\u0131y\u0131 &amp; Liman Yap\u0131lar\u0131 in\u015faat ve montaj<\/li>\n<li>K\u0131y\u0131 &amp; Liman Yap\u0131lar\u0131 onar\u0131m g\u00fc\u00e7lendirme<\/li>\n<li>K\u0131y\u0131 &amp; Liman Yap\u0131lar\u0131 dizayn ve proje<\/li>\n<li>Altyap\u0131 Projeleri<\/li>\n<li>K\u00f6pr\u00fc viyad\u00fck ve ge\u00e7itler<\/li>\n<li>Deniz Dibi Tarama ve Deniz De\u015farj\u0131<\/li>\n<li>Betonarme ve \u00c7elik Yap\u0131lar<\/li>\n<li>G\u00fc\u00e7lendirme-Onar\u0131m Projeleri<\/li>\n<li>\u00c7elik yap\u0131 imalat, montaj ve kontrol<\/li>\n<li>Kaynak kontrolleri, dan\u0131\u015fmanl\u0131\u011f\u0131 ve WPS\/PQR hizmetleri<\/li>\n<li>Hert\u00fcrl\u00fc \u00e7elik al\u0131m sat\u0131m<\/li>\n<li>Tekstil imalat ve pazarlama<\/li>\n<\/ul>\n","protected":false},"excerpt":{"rendered":"<p>K\u0131y\u0131 &amp; Liman Yap\u0131lar\u0131 in\u015faat ve montaj K\u0131y\u0131 &amp; Liman Yap\u0131lar\u0131 onar\u0131m g\u00fc\u00e7lendirme K\u0131y\u0131 &amp; Liman Yap\u0131lar\u0131 dizayn ve proje Altyap\u0131 Projeleri K\u00f6pr\u00fc viyad\u00fck ve ge\u00e7itler Deniz Dibi Tarama ve Deniz De\u015farj\u0131 Betonarme ve \u00c7elik Yap\u0131lar G\u00fc\u00e7lendirme-Onar\u0131m Projeleri \u00c7elik yap\u0131 &hellip; <a href=\"http:\/\/www.goltasltd.com\/?page_id=74\">Okumaya devam et <span class=\"meta-nav\">&rarr;<\/span><\/a><\/p>\n","protected":false},"author":1,"featured_media":80,"parent":0,"menu_order":0,"comment_status":"closed","ping_status":"closed","template":"","meta":[],"_links":{"self":[{"href":"http:\/\/www.goltasltd.com\/index.php?rest_route=\/wp\/v2\/pages\/74"}],"collection":[{"href":"http:\/\/www.goltasltd.com\/index.php?rest_route=\/wp\/v2\/pages"}],"about":[{"href":"http:\/\/www.goltasltd.com\/index.php?rest_route=\/wp\/v2\/types\/page"}],"author":[{"embeddable":true,"href":"http:\/\/www.goltasltd.com\/index.php?rest_route=\/wp\/v2\/users\/1"}],"replies":[{"embeddable":true,"href":"http:\/\/www.goltasltd.com\/index.php?rest_route=%2Fwp%2Fv2%2Fcomments&post=74"}],"version-history":[{"count":5,"href":"http:\/\/www.goltasltd.com\/index.php?rest_route=\/wp\/v2\/pages\/74\/revisions"}],"predecessor-version":[{"id":299,"href":"http:\/\/www.goltasltd.com\/index.php?rest_route=\/wp\/v2\/pages\/74\/revisions\/299"}],"wp:featuredmedia":[{"embeddable":true,"href":"http:\/\/www.goltasltd.com\/index.php?rest_route=\/wp\/v2\/media\/80"}],"wp:attachment":[{"href":"http:\/\/www.goltasltd.com\/index.php?rest_route=%2Fwp%2Fv2%2Fmedia&parent=74"}],"curies":[{"name":"wp","href":"https:\/\/api.w.org\/{rel}","templated":true}]}}